
{"id":360,"date":"2016-03-11T08:52:02","date_gmt":"2016-03-11T08:52:02","guid":{"rendered":"http:\/\/tranovice.knihovna.info\/?page_id=360"},"modified":"2019-02-15T11:47:22","modified_gmt":"2019-02-15T11:47:22","slug":"zelena-knihovna","status":"publish","type":"page","link":"https:\/\/tranovice.knihovna.info\/?page_id=360","title":{"rendered":"Zelen\u00e1 knihovna"},"content":{"rendered":"<p>\u25ba obsahuje 341 svazk\u016f po\u0159\u00edzen\u00fdch v r\u00e1mci projektu &#8222;Zelen\u00e9 centrum v T\u0159anovic\u00edch&#8220;<\/p>\n<p>\u25ba knihy s t\u00e9matikou ekologie, obnovy venkova, p\u0159\u00edrody, p\u00e9\u010de o rostliny, n\u00edzkoenergetick\u00e9ho bydlen\u00ed, encyklopedie a dal\u0161\u00ed&#8230;<\/p>\n<p>\u25ba tento projekt byl realizov\u00e1n za finan\u010dn\u00ed podpory SF\u017dP \u010cR, M\u017dP, Moravskoslezsk\u00e9ho kraje, Nadace OKD a innogy Gas Storage, s.r.o.<\/p>\n<p>\u25ba bli\u017e\u0161\u00ed informace naleznete\u00a0<a href=\"http:\/\/www.zelene-centrum.cz\">ZDE<\/a>.<\/p>\n<p>\u25ba v roce 2018 bylo zakoupeno 85 nov\u00fdch knih pro d\u011bti &#8211; bli\u017e\u0161\u00ed informace <a href=\"http:\/\/sov.tranovice.org\/dokumenty[1409]-[cz]-aktuality\">ZDE<\/a><\/p>\n<p><a href=\"http:\/\/tranovice.knihovna.info\/wp-content\/uploads\/2016\/03\/ZK3.jpg\" rel=\"attachment wp-att-359\"><img loading=\"lazy\" decoding=\"async\" class=\"aligncenter size-medium wp-image-359\" src=\"http:\/\/tranovice.knihovna.info\/wp-content\/uploads\/2016\/03\/ZK3-300x259.jpg\" alt=\"OLYMPUS DIGITAL CAMERA\" width=\"300\" height=\"259\" srcset=\"https:\/\/tranovice.knihovna.info\/wp-content\/uploads\/2016\/03\/ZK3-300x259.jpg 300w, https:\/\/tranovice.knihovna.info\/wp-content\/uploads\/2016\/03\/ZK3-768x664.jpg 768w, https:\/\/tranovice.knihovna.info\/wp-content\/uploads\/2016\/03\/ZK3-1024x885.jpg 1024w, https:\/\/tranovice.knihovna.info\/wp-content\/uploads\/2016\/03\/ZK3.jpg 1714w\" sizes=\"auto, (max-width: 300px) 100vw, 300px\" \/><\/a><\/p>\n<p><a href=\"http:\/\/tranovice.knihovna.info\/wp-content\/uploads\/2016\/03\/20190215_123943.jpg\"><img loading=\"lazy\" decoding=\"async\" class=\"aligncenter wp-image-1442 size-full\" src=\"http:\/\/tranovice.knihovna.info\/wp-content\/uploads\/2016\/03\/20190215_123943.jpg\" alt=\"\" width=\"185\" height=\"400\" srcset=\"https:\/\/tranovice.knihovna.info\/wp-content\/uploads\/2016\/03\/20190215_123943.jpg 185w, https:\/\/tranovice.knihovna.info\/wp-content\/uploads\/2016\/03\/20190215_123943-139x300.jpg 139w\" sizes=\"auto, (max-width: 185px) 100vw, 185px\" \/><\/a><\/p>\n","protected":false},"excerpt":{"rendered":"<p>\u25ba obsahuje 341 svazk\u016f po\u0159\u00edzen\u00fdch v r\u00e1mci projektu &#8222;Zelen\u00e9 centrum v T\u0159anovic\u00edch&#8220; \u25ba knihy s t\u00e9matikou ekologie, obnovy venkova, p\u0159\u00edrody, p\u00e9\u010de o rostliny, n\u00edzkoenergetick\u00e9ho bydlen\u00ed, encyklopedie a dal\u0161\u00ed&#8230; \u25ba tento projekt byl realizov\u00e1n za finan\u010dn\u00ed podpory SF\u017dP \u010cR, M\u017dP, Moravskoslezsk\u00e9ho kraje, Nadace OKD a innogy Gas Storage, s.r.o. \u25ba bli\u017e\u0161\u00ed informace naleznete\u00a0ZDE. \u25ba v roce [&hellip;]<\/p>\n","protected":false},"author":1,"featured_media":0,"parent":0,"menu_order":9,"comment_status":"closed","ping_status":"closed","template":"","meta":{"footnotes":""},"class_list":["post-360","page","type-page","status-publish","hentry"],"_links":{"self":[{"href":"https:\/\/tranovice.knihovna.info\/index.php?rest_route=\/wp\/v2\/pages\/360","targetHints":{"allow":["GET"]}}],"collection":[{"href":"https:\/\/tranovice.knihovna.info\/index.php?rest_route=\/wp\/v2\/pages"}],"about":[{"href":"https:\/\/tranovice.knihovna.info\/index.php?rest_route=\/wp\/v2\/types\/page"}],"author":[{"embeddable":true,"href":"https:\/\/tranovice.knihovna.info\/index.php?rest_route=\/wp\/v2\/users\/1"}],"replies":[{"embeddable":true,"href":"https:\/\/tranovice.knihovna.info\/index.php?rest_route=%2Fwp%2Fv2%2Fcomments&post=360"}],"version-history":[{"count":6,"href":"https:\/\/tranovice.knihovna.info\/index.php?rest_route=\/wp\/v2\/pages\/360\/revisions"}],"predecessor-version":[{"id":1443,"href":"https:\/\/tranovice.knihovna.info\/index.php?rest_route=\/wp\/v2\/pages\/360\/revisions\/1443"}],"wp:attachment":[{"href":"https:\/\/tranovice.knihovna.info\/index.php?rest_route=%2Fwp%2Fv2%2Fmedia&parent=360"}],"curies":[{"name":"wp","href":"https:\/\/api.w.org\/{rel}","templated":true}]}}