
{"id":329,"date":"2016-03-11T08:15:57","date_gmt":"2016-03-11T08:15:57","guid":{"rendered":"http:\/\/tranovice.knihovna.info\/?page_id=329"},"modified":"2018-08-16T10:58:59","modified_gmt":"2018-08-16T10:58:59","slug":"dobre-weby-pro-deti","status":"publish","type":"page","link":"https:\/\/tranovice.knihovna.info\/?page_id=329","title":{"rendered":"Dobr\u00e9 weby pro d\u011bti"},"content":{"rendered":"<p><a href=\"http:\/\/www.rostemesknihou.cz\/cz\/o-kampani\/aktuality\/\" rel=\"attachment wp-att-338\"><img loading=\"lazy\" decoding=\"async\" class=\"aligncenter  wp-image-338\" src=\"http:\/\/tranovice.knihovna.info\/wp-content\/uploads\/2016\/03\/rosteme-s-knihou-logo.jpg\" alt=\"rosteme s knihou - logo\" width=\"236\" height=\"241\" srcset=\"https:\/\/tranovice.knihovna.info\/wp-content\/uploads\/2016\/03\/rosteme-s-knihou-logo.jpg 753w, https:\/\/tranovice.knihovna.info\/wp-content\/uploads\/2016\/03\/rosteme-s-knihou-logo-294x300.jpg 294w\" sizes=\"auto, (max-width: 236px) 100vw, 236px\" \/><\/a><a href=\"http:\/\/celeceskoctedetem.cz\/\" rel=\"attachment wp-att-344\"><img loading=\"lazy\" decoding=\"async\" class=\"aligncenter  wp-image-344\" src=\"http:\/\/tranovice.knihovna.info\/wp-content\/uploads\/2016\/03\/logo-cel\u00e9-\u010desko-\u010dte-d\u011btem.jpg\" alt=\"logo-cel\u00e9 \u010desko \u010dte d\u011btem\" width=\"274\" height=\"203\" srcset=\"https:\/\/tranovice.knihovna.info\/wp-content\/uploads\/2016\/03\/logo-cel\u00e9-\u010desko-\u010dte-d\u011btem.jpg 1024w, https:\/\/tranovice.knihovna.info\/wp-content\/uploads\/2016\/03\/logo-cel\u00e9-\u010desko-\u010dte-d\u011btem-300x223.jpg 300w, https:\/\/tranovice.knihovna.info\/wp-content\/uploads\/2016\/03\/logo-cel\u00e9-\u010desko-\u010dte-d\u011btem-768x571.jpg 768w\" sizes=\"auto, (max-width: 274px) 100vw, 274px\" \/><\/a><a href=\"http:\/\/www.ctenipomaha.cz\/\" rel=\"attachment wp-att-343\"><img loading=\"lazy\" decoding=\"async\" class=\"aligncenter  wp-image-343\" src=\"http:\/\/tranovice.knihovna.info\/wp-content\/uploads\/2016\/03\/logo_cteni_pomaha.jpg\" alt=\"logo_cteni_pomaha\" width=\"348\" height=\"126\" srcset=\"https:\/\/tranovice.knihovna.info\/wp-content\/uploads\/2016\/03\/logo_cteni_pomaha.jpg 857w, https:\/\/tranovice.knihovna.info\/wp-content\/uploads\/2016\/03\/logo_cteni_pomaha-300x109.jpg 300w, https:\/\/tranovice.knihovna.info\/wp-content\/uploads\/2016\/03\/logo_cteni_pomaha-768x278.jpg 768w\" sizes=\"auto, (max-width: 348px) 100vw, 348px\" \/><\/a><a href=\"http:\/\/www.i-creative.cz\/\" rel=\"attachment wp-att-340\"><img loading=\"lazy\" decoding=\"async\" class=\"aligncenter  wp-image-340\" src=\"http:\/\/tranovice.knihovna.info\/wp-content\/uploads\/2016\/03\/YouTube-i-creative.cz_.jpg\" alt=\"YouTube-i-creative.cz_\" width=\"229\" height=\"172\" \/><\/a><a href=\"http:\/\/decko.ceskatelevize.cz\/\" rel=\"attachment wp-att-339\"><img loading=\"lazy\" decoding=\"async\" class=\"aligncenter  wp-image-339\" src=\"http:\/\/tranovice.knihovna.info\/wp-content\/uploads\/2016\/03\/TV-D-logo.jpg\" alt=\"TV D -logo\" width=\"233\" height=\"175\" srcset=\"https:\/\/tranovice.knihovna.info\/wp-content\/uploads\/2016\/03\/TV-D-logo.jpg 605w, https:\/\/tranovice.knihovna.info\/wp-content\/uploads\/2016\/03\/TV-D-logo-300x225.jpg 300w\" sizes=\"auto, (max-width: 233px) 100vw, 233px\" \/><\/a><a href=\"http:\/\/www.predskolaci.cz\/\" rel=\"attachment wp-att-337\"><img loading=\"lazy\" decoding=\"async\" class=\"aligncenter size-full wp-image-337\" src=\"http:\/\/tranovice.knihovna.info\/wp-content\/uploads\/2016\/03\/p\u0159ed\u0161kol\u00e1ci.png\" alt=\"p\u0159ed\u0161kol\u00e1ci\" width=\"210\" height=\"210\" srcset=\"https:\/\/tranovice.knihovna.info\/wp-content\/uploads\/2016\/03\/p\u0159ed\u0161kol\u00e1ci.png 210w, https:\/\/tranovice.knihovna.info\/wp-content\/uploads\/2016\/03\/p\u0159ed\u0161kol\u00e1ci-150x150.png 150w\" sizes=\"auto, (max-width: 210px) 100vw, 210px\" \/><\/a><a href=\"http:\/\/www.pamatkynasbavi.cz\/\" rel=\"attachment wp-att-336\"><img loading=\"lazy\" decoding=\"async\" class=\"aligncenter  wp-image-336\" src=\"http:\/\/tranovice.knihovna.info\/wp-content\/uploads\/2016\/03\/Pamatky-nas-bavi-logo.jpg\" alt=\"Pamatky nas bavi - logo\" width=\"183\" height=\"183\" srcset=\"https:\/\/tranovice.knihovna.info\/wp-content\/uploads\/2016\/03\/Pamatky-nas-bavi-logo.jpg 300w, https:\/\/tranovice.knihovna.info\/wp-content\/uploads\/2016\/03\/Pamatky-nas-bavi-logo-150x150.jpg 150w\" sizes=\"auto, (max-width: 183px) 100vw, 183px\" \/><\/a><a href=\"http:\/\/decko.ceskatelevize.cz\/sikulove\" rel=\"attachment wp-att-335\"><img loading=\"lazy\" decoding=\"async\" class=\"aligncenter size-full wp-image-335\" src=\"http:\/\/tranovice.knihovna.info\/wp-content\/uploads\/2016\/03\/logo_sikulove.jpg\" alt=\"logo_sikulove\" width=\"260\" height=\"139\" \/><\/a><a href=\"http:\/\/www.kamaradske-hry.cz\/\" rel=\"attachment wp-att-334\"><img loading=\"lazy\" decoding=\"async\" class=\"aligncenter  wp-image-334\" src=\"http:\/\/tranovice.knihovna.info\/wp-content\/uploads\/2016\/03\/Kamar\u00e1dsk\u00e9-hry-logo.jpg\" alt=\"Kamar\u00e1dsk\u00e9 hry - logo\" width=\"370\" height=\"62\" srcset=\"https:\/\/tranovice.knihovna.info\/wp-content\/uploads\/2016\/03\/Kamar\u00e1dsk\u00e9-hry-logo.jpg 544w, https:\/\/tranovice.knihovna.info\/wp-content\/uploads\/2016\/03\/Kamar\u00e1dsk\u00e9-hry-logo-300x50.jpg 300w\" sizes=\"auto, (max-width: 370px) 100vw, 370px\" \/><\/a><a href=\"http:\/\/www.detsky-web.cz\/\" rel=\"attachment wp-att-333\"><img loading=\"lazy\" decoding=\"async\" class=\"aligncenter  wp-image-333\" src=\"http:\/\/tranovice.knihovna.info\/wp-content\/uploads\/2016\/03\/D\u011btsk\u00fd-web-logo.jpg\" alt=\"D\u011btsk\u00fd web - logo\" width=\"387\" height=\"121\" srcset=\"https:\/\/tranovice.knihovna.info\/wp-content\/uploads\/2016\/03\/D\u011btsk\u00fd-web-logo.jpg 920w, https:\/\/tranovice.knihovna.info\/wp-content\/uploads\/2016\/03\/D\u011btsk\u00fd-web-logo-300x94.jpg 300w, https:\/\/tranovice.knihovna.info\/wp-content\/uploads\/2016\/03\/D\u011btsk\u00fd-web-logo-768x240.jpg 768w\" sizes=\"auto, (max-width: 387px) 100vw, 387px\" \/><\/a><a href=\"http:\/\/alik.idnes.cz\/\" rel=\"attachment wp-att-332\"><img loading=\"lazy\" decoding=\"async\" class=\"aligncenter size-full wp-image-332\" src=\"http:\/\/tranovice.knihovna.info\/wp-content\/uploads\/2016\/03\/al\u00edk-logo.png\" alt=\"al\u00edk - logo\" width=\"207\" height=\"199\" \/><\/a><\/p>\n","protected":false},"excerpt":{"rendered":"","protected":false},"author":1,"featured_media":0,"parent":0,"menu_order":7,"comment_status":"closed","ping_status":"closed","template":"","meta":{"footnotes":""},"class_list":["post-329","page","type-page","status-publish","hentry"],"_links":{"self":[{"href":"https:\/\/tranovice.knihovna.info\/index.php?rest_route=\/wp\/v2\/pages\/329","targetHints":{"allow":["GET"]}}],"collection":[{"href":"https:\/\/tranovice.knihovna.info\/index.php?rest_route=\/wp\/v2\/pages"}],"about":[{"href":"https:\/\/tranovice.knihovna.info\/index.php?rest_route=\/wp\/v2\/types\/page"}],"author":[{"embeddable":true,"href":"https:\/\/tranovice.knihovna.info\/index.php?rest_route=\/wp\/v2\/users\/1"}],"replies":[{"embeddable":true,"href":"https:\/\/tranovice.knihovna.info\/index.php?rest_route=%2Fwp%2Fv2%2Fcomments&post=329"}],"version-history":[{"count":12,"href":"https:\/\/tranovice.knihovna.info\/index.php?rest_route=\/wp\/v2\/pages\/329\/revisions"}],"predecessor-version":[{"id":354,"href":"https:\/\/tranovice.knihovna.info\/index.php?rest_route=\/wp\/v2\/pages\/329\/revisions\/354"}],"wp:attachment":[{"href":"https:\/\/tranovice.knihovna.info\/index.php?rest_route=%2Fwp%2Fv2%2Fmedia&parent=329"}],"curies":[{"name":"wp","href":"https:\/\/api.w.org\/{rel}","templated":true}]}}